+ 15. Calculate a(4).
-9
Let b(n) = -2*n**2 - 5*n + 16. Determine b(-8).
-72
Let z(x) = x**3 + 6*x**2 + 3*x + 9. What is z(-6)?
-9
Let h(d) = d + 3. Calculate h(-1).
2
Let a(d) = -d + 12. What is a(10)?
2
Let u(c) = c**3 - 3*c**2 - 5*c + 1. What is u(5)?
26
Let r(a) = 8*a. Determine r(1).
8
Let n(m) = 2*m**3 - 7*m**2 - 4*m - 5. Calculate n(4).
-5
Let x(b) = -b**3 + 2*b**2 - b + 14. Calculate x(3).
2
Let j(b) = 17*b**2 - 2*b. What is j(1)?
15
Let h(q) = q**3 - 4*q**2 - 6*q + 2. Calculate h(7).
107
Let o(x) = -2*x - 115. Determine o(-33).
-49
Let z(r) = r**3 - 9*r**2 + 8*r + 8. Calculate z(8).
8
Let l(x) = -x**3 + 7*x**2 - 5*x - 3. Give l(6).
3
Let h(z) = z**2 - 16*z + 16. Give h(14).
-12
Let m(n) = -23*n - 56. Calculate m(-11).
197
Let p(w) = 13*w + 8. Calculate p(-1).
-5
Let h(n) = n**3 - 16*n**2 - 41*n + 85. Determine h(18).
-5
Let m(j) = -4*j + 21. Give m(6).
-3
Let h(n) = n + 12. Give h(-18).
-6
Let j(m) = -92*m + 25. What is j(2)?
-159
Let v(t) = 2*t - 8. Determine v(7).
6
Let s(m) = -m**3 + 6*m**2 + 2*m - 18. What is s(6)?
-6
Let c(d) = d**3 - 2*d**2 - 2*d + 1. Give c(2).
-3
Let u(c) = -c**3 + 5*c**2 + 5*c. Give u(5).
25
Let v(q) = -2*q**3 + q - 2. What is v(3)?
-53
Let v(k) = 8*k**2 - 4*k + 6. Determine v(3).
66
Let n(d) = -4*d + 42. Calculate n(-6).
66
Let s(a) = -a**3 - 9*a**2 - 7*a - 4. Give s(-8).
-12
Let h(m) = -m**3 - 4*m**2 - 4*m - 32. What is h(-5)?
13
Let q(o) = -3*o**2 - 24*o + 1. Calculate q(-8).
1
Let c(s) = 4*s**2 + 59*s - 20. Give c(-15).
-5
Let h(w) = -3*w**3 - 3*w**2 + 6*w + 7. Determine h(-2).
7
Let v(b) = b**2 - 4*b - 23. Give v(-4).
9
Let m(o) = -o**3 - 25*o**2 - 5. Calculate m(-25).
-5
Let x(g) = g**2 + 16*g - 123. What is x(-22)?
9
Let t(l) = 12*l - 21. What is t(4)?
27
Let t(g) = g**2 + 8*g + 15. What is t(-7)?
8
Let x(j) = -j**3 + 7*j**2 - 7*j + 7. Calculate x(6).
1
Let f(j) = -j + 9. Determine f(9).
0
Let r(f) = 3*f**2 + 80*f + 272. What is r(-4)?
0
Let w(h) = h**3 + 3*h**2 - 3*h - 2. Determine w(-3).
7
Let g(d) = 3*d**2 + 2*d. What is g(-3)?
21
Let k(d) = -d + 32. What is k(12)?
20
Let q(j) = -j**2 + 4*j - 19. Calculate q(7).
-40
Let y(m) = m + 1. What is y(-5)?
-4
Let r(s) = -4*s**2 + 14*s - 4. What is r(6)?
-64
Let f(t) = -t - 6. What is f(-8)?
2
Let p(a) = 2*a**3 - 16*a**2 + 23*a + 24. Determine p(5).
-11
Let z(p) = -6*p - 9. Determine z(5).
-39
Let y(n) = n**2 + n - 1. Give y(1).
1
Let a(q) = q**2 - 4*q - 7. What is a(7)?
14
Let x(n) = n**3 + 24*n**2 + 31*n + 108. Calculate x(-23).
-76
Let y(g) = -3*g + 19. Determine y(5).
4
Let j(s) = -6*s + 38. Give j(8).
-10
Let w(g) = g**3 + 6*g**2 + 5*g - 3. Calculate w(-2).
3
Let z(q) = 2*q**3 - 36*q**2 + 36*q - 8. What is z(17)?
26
Let f(c) = -c**2 - 25*c + 15. Determine f(-24).
39
Let z(j) = -14*j. What is z(-1)?
14
Let o(f) = 5*f**2 + 16*f + 29. Give o(-2).
17
Let c(q) = -2*q**3 + 49*q**2 - 67*q - 51. Determine c(23).
-5
Let t(g) = -2*g**3 + 31*g**2 - 19*g + 31. Give t(15).
-29
Let u(r) = 4*r**3 + r**2 + 3*r + 1. What is u(-1)?
-5
Let d(f) = -f**2 - 15*f - 1. Determine d(-14).
13
Let c(u) = -u**3 + 11*u**2 + 14*u + 3. Determine c(12).
27
Let g(v) = v**2 + 19*v - 43. Determine g(-21).
-1
Let o(w) = 96*w - 365. Give o(4).
19
Let o(s) = -s**3 + 32*s**2 - 9*s + 284. Calculate o(32).
-4
Let z(s) = s**3 - 9*s**2 - 13*s + 37. Calculate z(10).
7
Let r(w) = -9*w - 9. Calculate r(-3).
18
Let t(w) = -w**3 + w**2 + 3. Determine t(2).
-1
Let k(h) = 4*h + 5. Calculate k(5).
25
Let m(b) = 2*b - 5. Calculate m(4).
3
Let r(k) = 25*k - 4. Calculate r(1).
21
Let a(m) = m**2 + 5*m - 20. Give a(-8).
4
Let k(i) = 9*i**2 - 3*i - 1. Determine k(3).
71
Let r(s) = -3*s**2 - s + 17. What is r(-5)?
-53
Let t(g) = -g**2 - 2*g + 2. Determine t(0).
2
Let h(v) = -v**2 + 13*v - 36. Determine h(9).
0
Let m(l) = 5*l**2 + 105*l + 2. What is m(-21)?
2
Let v(w) = -w**2 + 13*w + 51. Determine v(15).
21
Let r(a) = -5*a**2 + 27*a + 53. What is r(-2)?
-21
Let w(v) = -5*v + 24. Determine w(4).
4
Let q(x) = 2*x - 52. Calculate q(28).
4
Let y(j) = 3*j - 37. What is y(6)?
-19
Let q(c) = c**3 - 6*c**2 + 13. Give q(6).
13
Let p(q) = q**3 + 4*q**2 + q - 1. Determine p(-5).
-31
Let i(z) = -5*z - 6. Give i(-2).
4
Let i(f) = -f**3 + 2*f**2 + 7*f - 6. Give i(4).
-10
Let m(z) = z**3 + 6*z**2 + z - 4. Determine m(-3).
20
Let j(a) = 6*a - 1. Give j(2).
11
Let j(p) = p**2 + p - 7. Give j(3).
5
Let o(c) = -3*c - 28. Determine o(7).
-49
Let w(i) = -2*i**2 - 18*i - 26. Calculate w(-7).
2
Let u(p) = -89*p + 240. Give u(3).
-27
Let t(d) = d**2 + 5*d - 11. Determine t(-8).
13
Let c(s) = -s**3 + 11*s**2 - 3. What is c(11)?
-3
Let s(v) = -4*v**3 + 3*v**2 - v + 1. Calculate s(2).
-21
Let j(v) = v - 1. Give j(2).
1
Let d(u) = -2*u**3 + 8*u**2 + 6*u - 1. Calculate d(-1).
3
Let p(z) = z**2 - 3*z + 7. Give p(6).
25
Let f(h) = h**2 + 20*h + 13. Give f(-15).
-62
Let w(g) = -g**3 - 3*g**2 + 9*g + 15. What is w(-5)?
20
Let x(h) = 19*h - 24. Determine x(4).
52
Let c(a) = -a**3 + 2*a**2 + 2*a + 3. Give c(4).
-21
Let q(j) = 2*j - 1. Give q(7).
13
Let l(c) = -c**3 - 7*c**2 - 5*c. Determine l(-4).
-28
Let l(w) = -38*w**3 + 2*w**2 - 2*w + 1. Calculate l(1).
-37
Let h(v) = -246*v + 991. Calculate h(4).
7
Let j(s) = s**3 - 4*s**2 - 13*s - 51. Give j(7).
5
Let f(p) = p**2 + 12*p + 5. Calculate f(-5).
-30
Let n(y) = -y**2 + 3*y + 1. Determine n(4).
-3
Let o(z) = 3*z - 7. What is o(-6)?
-25
Let j(s) = 23*s + 2. Give j(-1).
-21
Let q(w) = w**2 - 14*w + 22. Determine q(5).
-23
Let l(n) = -11*n**2 - 14*n + 14. Calculate l(1).
-11
Let k(q) = 11*q + 8. Determine k(0).
8
Let p(a) = -10*a + 120. Give p(13).
-10
Let c(v) = -v**2 + 2*v + 2. Determine c(-2).
-6
Let g(l) = -l**3 - 15*l**2 + 3*l + 12. Calculate g(-15).
-33
Let r(l) = -l**3 + 10*l**2 + 13*l + 9. Calculate r(11).
31
Let l(z) = -3*z**2 - 57*z - 57. Give l(-18).
-3
Let p(o) = -16*o**2 + o. Give p(1).
-15
Let m(u) = u**3 + 8*u**2 + 3*u - 2. Determine m(-8).
-26
Let c(u) = 2*u + 6. Calculate c(-3).
0
Let r(s) = 3*s**2 - 9*s + 5. Give r(5).
35
Let b(h) = -h**3 - 4*h**2 + 8*h + 7. Give b(-5).
-8
Let f(s) = -s**2 + 8*s - 8. What is f(4)?
8
Let b(n) = -n**2 + n + 25. Give b(4).
13
Let l(i) = 6*i**2 - 2. Determine l(-2).
22
Let p(g) = -2*g**3 + 10*g**2 - 18*g + 40. Calculate p(4).
0
Let n(d) = 138*d + 422. Give n(-3).
8
Let s(l) = l + 7. Give s(13).
20
Let k(y) = y**2 - 2*y - 31. Calculate k(-5).
4
Let f(j) = -8*j + 128. Determine f(16).
0
Let v(o) = -8*o - 93. Give v(-11).
-5
Let v(r) = -2*r + 12. Determine v(-12).
36
Let x(h) = h**3 + 30*h**2 - 30*h + 53. Calculate x(-31).
22
Let v(b) = b**2 + 10*b + 12. What is v(-9)?
3
Let a(y) = -9*y - 28. Determine a(3).
-55
Let w(h) = -5*h**3 + h**2. Give w(-1).
6
Let v(n) = 5*n**2 + 2*n. Calculate v(4).
88
Let p(y) = y**2 - 3*y - 1. What is p(2)?
-3
Let s(u) = -8*u**2 - 139*u - 23. Determine s(-17).
28
Let j(d) = -2*d - 10. What is j(2)?
-14
Let i(z) = z - 37. Calculate i(-12).
-49
Let d(m) = m**3 - m**2 + 7*m - 1. Give d(4).
75
Let r(p) = 16*p**3 - 2*p**2 - 4*p - 4. What is r(-2)?
-132
Let u(q) = -2*q**2 + 14*q + 2. Give u(9).
-34
Let b(x) = -52*x - 185. What is b(-5)?
75
Let c(t) = t**2 - t - 658. Give c(-25).
-8
Let u(j) = 7*j**3 - j**2 + j - 1. What is u(1)?
6
Let i(f) = -2*f + 4. What is i(11)?
-18
Let x(o) = o**3 - 7*o**2 - 6*o - 5. What is x(7)?
-47
Let n(x) = 33*x**3 - 2*x**2 + 1. Determine n(-1).
-34
Let c(f) = f**2 + 9*f - 8. What is c(-6)?
-26
Let a(o) = -o**2 + 15*o + 2. Calculate a(14).
16
Let a(n) = 24*n**2 - 52*n - 53. Give a(-1).
23
Let r(x) = 4*x + 28. What is r(6)?
52
Let m(x) = -3*x. Give m(0).
0
Let g(p) = -p**3 + 25*p**2 + 57*p - 83. Determine g(27).
-2
Let d(m) = -3*m**2 + 15*m + 5. What is d(5)?
5
Let b(u) = -2*u**3 - 7*u**2 - 9*u. Calculate b(-4).
52
Let l(h) = 7*h**2 - 2*h - 2. Give l(2).
22
Let v(q) = 2*q + 20. What is v(-7)?
6
Let c(j) = -j - 5. What is c(10)?
-15
Let c(v) = v**3 + 14*v**2 - v + 8. Determine c(-14).
22
Let j(f) = 7*f**3 + f**2 - 2*f + 2. Give j(2).
58
Let a(g) = g**3 - 6*g**2 - 4*g - 4. What is a(6)?
-28
Let n(f) = 11*f + 97. Give n(-6).
31
Let u(r) = r**3 + 9*r**2 + 4*r - 26. Calculate u(-8).
6
Let r(u) = -u**3 - 7*u**2 + 4*u + 5. What is r(-7)?
-23
Let i(r) = -3*r + 54. Give i(18).
0
Let s(p) = -2*p**3 - 2*p**2 - 2. Give s(2).
-26
Let y(i) = -i**3 + 5*i**2 + 7*i - 6. Calculate y(5).
29
Let t(c) = -2*c**2 - 8*c + 6.